{"id":346,"date":"2020-10-07T21:22:50","date_gmt":"2020-10-07T21:22:50","guid":{"rendered":"https:\/\/adorodancar.com.br\/blog\/?page_id=346"},"modified":"2021-01-28T01:25:21","modified_gmt":"2021-01-28T01:25:21","slug":"coreografias","status":"publish","type":"page","link":"https:\/\/adorodancar.com.br\/blog\/coreografias\/","title":{"rendered":"Coreografias"},"content":{"rendered":"<p>Nesta p\u00e1gina, h\u00e1 uma lista de links para coreografias bem legais dos mais variados estilos e fontes. Sejam de filmes, s\u00e9ries, apresenta\u00e7\u00f5es ou\u00a0 produ\u00e7\u00f5es independentes \u00e9 sempre legal ver uma boa coreografia de dan\u00e7a sendo executada acompanhada de uma boa m\u00fasica.<\/p>\n<p>&nbsp;<\/p>\n","protected":false},"excerpt":{"rendered":"<p>Nesta p\u00e1gina, h\u00e1 uma lista de links para coreografias bem legais dos mais variados estilos e fontes. Sejam de filmes, s\u00e9ries, apresenta\u00e7\u00f5es ou\u00a0 produ\u00e7\u00f5es independentes \u00e9 sempre legal ver uma boa coreografia de dan\u00e7a sendo executada acompanhada de uma boa m\u00fasica. &nbsp;<\/p>\n","protected":false},"author":1,"featured_media":0,"parent":0,"menu_order":0,"comment_status":"closed","ping_status":"closed","template":"listchoreographies.php","meta":{"_mi_skip_tracking":false},"yoast_head":"<!-- This site is optimized with the Yoast SEO plugin v14.2 - https:\/\/yoast.com\/wordpress\/plugins\/seo\/ -->\n<title>Coreografias - Adoro Dan\u00e7ar<\/title>\n<meta name=\"robots\" content=\"index, follow\" \/>\n<meta name=\"googlebot\" content=\"index, follow, max-snippet:-1, max-image-preview:large, max-video-preview:-1\" \/>\n<meta name=\"bingbot\" content=\"index, follow, max-snippet:-1, max-image-preview:large, max-video-preview:-1\" \/>\n<link rel=\"canonical\" href=\"https:\/\/adorodancar.com.br\/blog\/coreografias\/\" \/>\n<meta property=\"og:locale\" content=\"pt_BR\" \/>\n<meta property=\"og:type\" content=\"article\" \/>\n<meta property=\"og:title\" content=\"Coreografias - Adoro Dan\u00e7ar\" \/>\n<meta property=\"og:description\" content=\"Nesta p\u00e1gina, h\u00e1 uma lista de links para coreografias bem legais dos mais variados estilos e fontes. Sejam de filmes, s\u00e9ries, apresenta\u00e7\u00f5es ou\u00a0 produ\u00e7\u00f5es independentes \u00e9 sempre legal ver uma boa coreografia de dan\u00e7a sendo executada acompanhada de uma boa m\u00fasica. &nbsp;\" \/>\n<meta property=\"og:url\" content=\"https:\/\/adorodancar.com.br\/blog\/coreografias\/\" \/>\n<meta property=\"og:site_name\" content=\"Adoro Dan\u00e7ar\" \/>\n<meta property=\"article:publisher\" content=\"https:\/\/www.facebook.com\/adorodancaradois\" \/>\n<meta property=\"article:modified_time\" content=\"2021-01-28T01:25:21+00:00\" \/>\n<meta name=\"twitter:card\" content=\"summary_large_image\" \/>\n<meta name=\"twitter:creator\" content=\"@adoro_dancar\" \/>\n<meta name=\"twitter:site\" content=\"@adoro_dancar\" \/>\n<script type=\"application\/ld+json\" class=\"yoast-schema-graph\">{\"@context\":\"https:\/\/schema.org\",\"@graph\":[{\"@type\":\"WebSite\",\"@id\":\"https:\/\/adorodancar.com.br\/blog\/#website\",\"url\":\"https:\/\/adorodancar.com.br\/blog\/\",\"name\":\"Adoro Dan\\u00e7ar\",\"description\":\"Site para todos que adoram dan\\u00e7ar\",\"potentialAction\":[{\"@type\":\"SearchAction\",\"target\":\"https:\/\/adorodancar.com.br\/blog\/?s={search_term_string}\",\"query-input\":\"required name=search_term_string\"}],\"inLanguage\":\"pt-BR\"},{\"@type\":\"WebPage\",\"@id\":\"https:\/\/adorodancar.com.br\/blog\/coreografias\/#webpage\",\"url\":\"https:\/\/adorodancar.com.br\/blog\/coreografias\/\",\"name\":\"Coreografias - Adoro Dan\\u00e7ar\",\"isPartOf\":{\"@id\":\"https:\/\/adorodancar.com.br\/blog\/#website\"},\"datePublished\":\"2020-10-07T21:22:50+00:00\",\"dateModified\":\"2021-01-28T01:25:21+00:00\",\"inLanguage\":\"pt-BR\",\"potentialAction\":[{\"@type\":\"ReadAction\",\"target\":[\"https:\/\/adorodancar.com.br\/blog\/coreografias\/\"]}]}]}<\/script>\n<!-- \/ Yoast SEO plugin. -->","_links":{"self":[{"href":"https:\/\/adorodancar.com.br\/blog\/wp-json\/wp\/v2\/pages\/346"}],"collection":[{"href":"https:\/\/adorodancar.com.br\/blog\/wp-json\/wp\/v2\/pages"}],"about":[{"href":"https:\/\/adorodancar.com.br\/blog\/wp-json\/wp\/v2\/types\/page"}],"author":[{"embeddable":true,"href":"https:\/\/adorodancar.com.br\/blog\/wp-json\/wp\/v2\/users\/1"}],"replies":[{"embeddable":true,"href":"https:\/\/adorodancar.com.br\/blog\/wp-json\/wp\/v2\/comments?post=346"}],"version-history":[{"count":2,"href":"https:\/\/adorodancar.com.br\/blog\/wp-json\/wp\/v2\/pages\/346\/revisions"}],"predecessor-version":[{"id":348,"href":"https:\/\/adorodancar.com.br\/blog\/wp-json\/wp\/v2\/pages\/346\/revisions\/348"}],"wp:attachment":[{"href":"https:\/\/adorodancar.com.br\/blog\/wp-json\/wp\/v2\/media?parent=346"}],"curies":[{"name":"wp","href":"https:\/\/api.w.org\/{rel}","templated":true}]}}