{"id":38,"date":"2019-06-25T17:57:47","date_gmt":"2019-06-25T17:57:47","guid":{"rendered":"http:\/\/adorodancar.com.br\/blog\/?page_id=38"},"modified":"2020-10-23T21:51:47","modified_gmt":"2020-10-23T21:51:47","slug":"escolas-de-danca","status":"publish","type":"page","link":"https:\/\/adorodancar.com.br\/blog\/escolas-de-danca\/","title":{"rendered":"Lista de Escolas de Dan\u00e7a"},"content":{"rendered":"<p>Como aprender a dan\u00e7ar? Segue abaixo uma lista criada automaticamente de escolas de dan\u00e7a. Filtre por sua cidade.<\/p>\n<p>Caso n\u00e3o haja escolas da sua cidade, comente sua localidade que adiciono escolas da sua regi\u00e3o na lista.<\/p>\n<div id=\"loader\" class=\"loader\"><\/div>\n<p><iframe id=\"iframe_react_app\" style=\"overflow-x: hidden; overflow-y: auto;\" width=\"1000\" height=\"4000\" frameborder=\"0\"><\/iframe><\/p>\n","protected":false},"excerpt":{"rendered":"<p>Como aprender a dan\u00e7ar? Segue abaixo uma lista criada automaticamente de escolas de dan\u00e7a. Filtre por sua cidade. Caso n\u00e3o haja escolas da sua cidade, comente sua localidade que adiciono escolas da sua regi\u00e3o na lista.<\/p>\n","protected":false},"author":1,"featured_media":316,"parent":0,"menu_order":0,"comment_status":"open","ping_status":"closed","template":"","meta":{"_mi_skip_tracking":false},"yoast_head":"<!-- This site is optimized with the Yoast SEO plugin v14.2 - https:\/\/yoast.com\/wordpress\/plugins\/seo\/ -->\n<title>Lista de Escolas de Dan\u00e7a - Adoro Dan\u00e7ar<\/title>\n<meta name=\"description\" content=\"Ainda n\u00e3o sabe dan\u00e7ar ou est\u00e1 buscando melhorar na dan\u00e7a? Pesquise e descubra escolas de dan\u00e7a de sal\u00e3o na sua localidade e comece aprender dan\u00e7ar.\" \/>\n<meta name=\"robots\" content=\"index, follow\" \/>\n<meta name=\"googlebot\" content=\"index, follow, max-snippet:-1, max-image-preview:large, max-video-preview:-1\" \/>\n<meta name=\"bingbot\" content=\"index, follow, max-snippet:-1, max-image-preview:large, max-video-preview:-1\" \/>\n<link rel=\"canonical\" href=\"https:\/\/adorodancar.com.br\/blog\/escolas-de-danca\/\" \/>\n<meta property=\"og:locale\" content=\"pt_BR\" \/>\n<meta property=\"og:type\" content=\"article\" \/>\n<meta property=\"og:title\" content=\"Lista de Escolas de Dan\u00e7a - Adoro Dan\u00e7ar\" \/>\n<meta property=\"og:description\" content=\"Ainda n\u00e3o sabe dan\u00e7ar ou est\u00e1 buscando melhorar na dan\u00e7a? Pesquise e descubra escolas de dan\u00e7a de sal\u00e3o na sua localidade e comece aprender dan\u00e7ar.\" \/>\n<meta property=\"og:url\" content=\"https:\/\/adorodancar.com.br\/blog\/escolas-de-danca\/\" \/>\n<meta property=\"og:site_name\" content=\"Adoro Dan\u00e7ar\" \/>\n<meta property=\"article:publisher\" content=\"https:\/\/www.facebook.com\/adorodancaradois\" \/>\n<meta property=\"article:modified_time\" content=\"2020-10-23T21:51:47+00:00\" \/>\n<meta property=\"og:image\" content=\"https:\/\/adorodancar.com.br\/blog\/wp-content\/uploads\/2020\/08\/imagem_escolas_danca.jpg\" \/>\n\t<meta property=\"og:image:width\" content=\"1082\" \/>\n\t<meta property=\"og:image:height\" content=\"697\" \/>\n<meta name=\"twitter:card\" content=\"summary_large_image\" \/>\n<meta name=\"twitter:creator\" content=\"@adoro_dancar\" \/>\n<meta name=\"twitter:site\" content=\"@adoro_dancar\" \/>\n<script type=\"application\/ld+json\" class=\"yoast-schema-graph\">{\"@context\":\"https:\/\/schema.org\",\"@graph\":[{\"@type\":\"WebSite\",\"@id\":\"https:\/\/adorodancar.com.br\/blog\/#website\",\"url\":\"https:\/\/adorodancar.com.br\/blog\/\",\"name\":\"Adoro Dan\\u00e7ar\",\"description\":\"Site para todos que adoram dan\\u00e7ar\",\"potentialAction\":[{\"@type\":\"SearchAction\",\"target\":\"https:\/\/adorodancar.com.br\/blog\/?s={search_term_string}\",\"query-input\":\"required name=search_term_string\"}],\"inLanguage\":\"pt-BR\"},{\"@type\":\"ImageObject\",\"@id\":\"https:\/\/adorodancar.com.br\/blog\/escolas-de-danca\/#primaryimage\",\"inLanguage\":\"pt-BR\",\"url\":\"https:\/\/adorodancar.com.br\/blog\/wp-content\/uploads\/2020\/08\/imagem_escolas_danca.jpg\",\"width\":1082,\"height\":697,\"caption\":\"Escola de Dan\\u00e7a\"},{\"@type\":\"WebPage\",\"@id\":\"https:\/\/adorodancar.com.br\/blog\/escolas-de-danca\/#webpage\",\"url\":\"https:\/\/adorodancar.com.br\/blog\/escolas-de-danca\/\",\"name\":\"Lista de Escolas de Dan\\u00e7a - Adoro Dan\\u00e7ar\",\"isPartOf\":{\"@id\":\"https:\/\/adorodancar.com.br\/blog\/#website\"},\"primaryImageOfPage\":{\"@id\":\"https:\/\/adorodancar.com.br\/blog\/escolas-de-danca\/#primaryimage\"},\"datePublished\":\"2019-06-25T17:57:47+00:00\",\"dateModified\":\"2020-10-23T21:51:47+00:00\",\"description\":\"Ainda n\\u00e3o sabe dan\\u00e7ar ou est\\u00e1 buscando melhorar na dan\\u00e7a? Pesquise e descubra escolas de dan\\u00e7a de sal\\u00e3o na sua localidade e comece aprender dan\\u00e7ar.\",\"inLanguage\":\"pt-BR\",\"potentialAction\":[{\"@type\":\"ReadAction\",\"target\":[\"https:\/\/adorodancar.com.br\/blog\/escolas-de-danca\/\"]}]}]}<\/script>\n<!-- \/ Yoast SEO plugin. -->","_links":{"self":[{"href":"https:\/\/adorodancar.com.br\/blog\/wp-json\/wp\/v2\/pages\/38"}],"collection":[{"href":"https:\/\/adorodancar.com.br\/blog\/wp-json\/wp\/v2\/pages"}],"about":[{"href":"https:\/\/adorodancar.com.br\/blog\/wp-json\/wp\/v2\/types\/page"}],"author":[{"embeddable":true,"href":"https:\/\/adorodancar.com.br\/blog\/wp-json\/wp\/v2\/users\/1"}],"replies":[{"embeddable":true,"href":"https:\/\/adorodancar.com.br\/blog\/wp-json\/wp\/v2\/comments?post=38"}],"version-history":[{"count":77,"href":"https:\/\/adorodancar.com.br\/blog\/wp-json\/wp\/v2\/pages\/38\/revisions"}],"predecessor-version":[{"id":318,"href":"https:\/\/adorodancar.com.br\/blog\/wp-json\/wp\/v2\/pages\/38\/revisions\/318"}],"wp:featuredmedia":[{"embeddable":true,"href":"https:\/\/adorodancar.com.br\/blog\/wp-json\/wp\/v2\/media\/316"}],"wp:attachment":[{"href":"https:\/\/adorodancar.com.br\/blog\/wp-json\/wp\/v2\/media?parent=38"}],"curies":[{"name":"wp","href":"https:\/\/api.w.org\/{rel}","templated":true}]}}